{"id":111,"date":"2023-12-17T09:20:40","date_gmt":"2023-12-17T09:20:40","guid":{"rendered":"https:\/\/www.kgs-birkstr.de\/?page_id=111"},"modified":"2026-03-22T14:53:55","modified_gmt":"2026-03-22T14:53:55","slug":"paed-personal","status":"publish","type":"page","link":"https:\/\/www.kgs-birkstr.de\/?page_id=111","title":{"rendered":"P\u00e4dagogisches Personal"},"content":{"rendered":"\n<h1 class=\"wp-block-heading has-text-align-center has-x-large-font-size\">Das ist das Kollegium 25\/26<\/h1>\n\n\n\n<figure class=\"wp-block-table\"><table><tbody><tr><td>Schulleitung:<\/td><td>Frau Willms (komm. Schulleitung)<\/td><\/tr><tr><td>1. Klassen<\/td><td>1a Frau Oestreich<br>1b Frau Wagner<\/td><\/tr><tr><td>2. Klassen<\/td><td>2a Frau Jungemann<br>2b Frau Zimmermann<br>2c Frau Pr\u00f6mpler<\/td><\/tr><tr><td>3. Klassen<\/td><td>3a Frau Mai\u00df<br>3b Frau Witte<\/td><\/tr><tr><td>4. Klassen<\/td><td>4a Frau Skorpel<br>4b Frau Pohlmann<\/td><\/tr><tr><td>Fachlehrer<\/td><td>Frau Kizkapan<\/td><\/tr><tr><td>Lehramtsanw\u00e4rterin<\/td><td>Frau Finocchiaro<br>Frau J\u00fctting<\/td><\/tr><tr><td>Sozialp\u00e4dagogische Fachkraft<br>f\u00fcr die Schuleingangsphase<\/td><td>N.N.<\/td><\/tr><\/tbody><\/table><\/figure>\n\n\n\n<p><strong>Sprechzeiten:<\/strong>&nbsp;<br>Mit der Schulleitung und den Lehrerinnen sollte bei Gespr\u00e4chsbedarf telefonisch, durch einen Eintrag im Logbuch oder per E-Mail ein Termin vereinbart werden.<br><strong>Zweimal im Jahr<\/strong>&nbsp;finden&nbsp;<strong>Elternsprechtage&nbsp;an 2 Nachmittagen<\/strong>&nbsp;statt. Die Termine finden Sie in unserem Terminplan.<\/p>\n\n\n\n<p>Unser Gesamtes Team mit OGS<\/p>\n\n\n\n<figure class=\"wp-block-image size-large\"><img loading=\"lazy\" decoding=\"async\" width=\"1024\" height=\"767\" src=\"https:\/\/www.kgs-birkstr.de\/wp-content\/uploads\/2025\/09\/Teamfoto-1024x767.jpeg\" alt=\"\" class=\"wp-image-801\" srcset=\"https:\/\/www.kgs-birkstr.de\/wp-content\/uploads\/2025\/09\/Teamfoto-1024x767.jpeg 1024w, https:\/\/www.kgs-birkstr.de\/wp-content\/uploads\/2025\/09\/Teamfoto-300x225.jpeg 300w, https:\/\/www.kgs-birkstr.de\/wp-content\/uploads\/2025\/09\/Teamfoto-768x576.jpeg 768w, https:\/\/www.kgs-birkstr.de\/wp-content\/uploads\/2025\/09\/Teamfoto-1536x1151.jpeg 1536w, https:\/\/www.kgs-birkstr.de\/wp-content\/uploads\/2025\/09\/Teamfoto.jpeg 1600w\" sizes=\"auto, (max-width: 1024px) 100vw, 1024px\" \/><\/figure>\n","protected":false},"excerpt":{"rendered":"<p>Das ist das Kollegium 25\/26 Schulleitung: Frau Willms (komm. Schulleitung) 1. Klassen 1a Frau Oestreich1b Frau Wagner 2. Klassen 2a Frau Jungemann2b Frau Zimmermann2c Frau Pr\u00f6mpler 3. Klassen 3a Frau Mai\u00df3b Frau Witte 4. Klassen 4a Frau Skorpel4b Frau Pohlmann Fachlehrer Frau Kizkapan Lehramtsanw\u00e4rterin Frau FinocchiaroFrau J\u00fctting Sozialp\u00e4dagogische Fachkraftf\u00fcr die Schuleingangsphase N.N. Sprechzeiten:&nbsp;Mit der Schulleitung [&hellip;]<\/p>\n","protected":false},"author":1,"featured_media":802,"parent":12,"menu_order":1,"comment_status":"closed","ping_status":"closed","template":"","meta":{"footnotes":""},"class_list":["post-111","page","type-page","status-publish","has-post-thumbnail","hentry"],"_links":{"self":[{"href":"https:\/\/www.kgs-birkstr.de\/index.php?rest_route=\/wp\/v2\/pages\/111","targetHints":{"allow":["GET"]}}],"collection":[{"href":"https:\/\/www.kgs-birkstr.de\/index.php?rest_route=\/wp\/v2\/pages"}],"about":[{"href":"https:\/\/www.kgs-birkstr.de\/index.php?rest_route=\/wp\/v2\/types\/page"}],"author":[{"embeddable":true,"href":"https:\/\/www.kgs-birkstr.de\/index.php?rest_route=\/wp\/v2\/users\/1"}],"replies":[{"embeddable":true,"href":"https:\/\/www.kgs-birkstr.de\/index.php?rest_route=%2Fwp%2Fv2%2Fcomments&post=111"}],"version-history":[{"count":14,"href":"https:\/\/www.kgs-birkstr.de\/index.php?rest_route=\/wp\/v2\/pages\/111\/revisions"}],"predecessor-version":[{"id":951,"href":"https:\/\/www.kgs-birkstr.de\/index.php?rest_route=\/wp\/v2\/pages\/111\/revisions\/951"}],"up":[{"embeddable":true,"href":"https:\/\/www.kgs-birkstr.de\/index.php?rest_route=\/wp\/v2\/pages\/12"}],"wp:featuredmedia":[{"embeddable":true,"href":"https:\/\/www.kgs-birkstr.de\/index.php?rest_route=\/wp\/v2\/media\/802"}],"wp:attachment":[{"href":"https:\/\/www.kgs-birkstr.de\/index.php?rest_route=%2Fwp%2Fv2%2Fmedia&parent=111"}],"curies":[{"name":"wp","href":"https:\/\/api.w.org\/{rel}","templated":true}]}}

Pädagogisches Personal

<h1 class="wp-block-heading has-text-align-center has-x-large-font-size">Das ist das Kollegium 25/26</h1>



<figure class="wp-block-table"><table><tbody><tr><td>Schulleitung:</td><td>Frau Willms (komm. Schulleitung)</td></tr><tr><td>1. Klassen</td><td>1a Frau Oestreich<br>1b Frau Wagner</td></tr><tr><td>2. Klassen</td><td>2a Frau Jungemann<br>2b Frau Zimmermann<br>2c Frau Prömpler</td></tr><tr><td>3. Klassen</td><td>3a Frau Maiß<br>3b Frau Witte</td></tr><tr><td>4. Klassen</td><td>4a Frau Skorpel<br>4b Frau Pohlmann</td></tr><tr><td>Fachlehrer</td><td>Frau Kizkapan</td></tr><tr><td>Lehramtsanwärterin</td><td>Frau Finocchiaro<br>Frau Jütting</td></tr><tr><td>Sozialpädagogische Fachkraft<br>für die Schuleingangsphase</td><td>N.N.</td></tr></tbody></table></figure>



<p><strong>Sprechzeiten:</strong>&nbsp;<br>Mit der Schulleitung und den Lehrerinnen sollte bei Gesprächsbedarf telefonisch, durch einen Eintrag im Logbuch oder per E-Mail ein Termin vereinbart werden.<br><strong>Zweimal im Jahr</strong>&nbsp;finden&nbsp;<strong>Elternsprechtage&nbsp;an 2 Nachmittagen</strong>&nbsp;statt. Die Termine finden Sie in unserem Terminplan.</p>



<p>Unser Gesamtes Team mit OGS</p>



<figure class="wp-block-image size-large"><img loading="lazy" decoding="async" width="1024" height="767" src="https://www.kgs-birkstr.de/wp-content/uploads/2025/09/Teamfoto-1024x767.jpeg" alt="" class="wp-image-801" srcset="https://www.kgs-birkstr.de/wp-content/uploads/2025/09/Teamfoto-1024x767.jpeg 1024w, https://www.kgs-birkstr.de/wp-content/uploads/2025/09/Teamfoto-300x225.jpeg 300w, https://www.kgs-birkstr.de/wp-content/uploads/2025/09/Teamfoto-768x576.jpeg 768w, https://www.kgs-birkstr.de/wp-content/uploads/2025/09/Teamfoto-1536x1151.jpeg 1536w, https://www.kgs-birkstr.de/wp-content/uploads/2025/09/Teamfoto.jpeg 1600w" sizes="auto, (max-width: 1024px) 100vw, 1024px" /></figure>

<p>Das ist das Kollegium 25/26 Schulleitung: Frau Willms (komm. Schulleitung) 1. Klassen 1a Frau Oestreich1b Frau Wagner 2. Klassen 2a Frau Jungemann2b Frau Zimmermann2c Frau Prömpler 3. Klassen 3a Frau Maiß3b Frau Witte 4. Klassen 4a Frau Skorpel4b Frau Pohlmann Fachlehrer Frau Kizkapan Lehramtsanwärterin Frau FinocchiaroFrau Jütting Sozialpädagogische Fachkraftfür die Schuleingangsphase N.N. Sprechzeiten:&nbsp;Mit der Schulleitung [&hellip;]</p>
