{"id":158,"date":"2024-01-29T13:41:18","date_gmt":"2024-01-29T13:41:18","guid":{"rendered":"https:\/\/www.kgs-birkstr.de\/?page_id=158"},"modified":"2024-05-28T11:13:00","modified_gmt":"2024-05-28T11:13:00","slug":"schulprogramm","status":"publish","type":"page","link":"https:\/\/www.kgs-birkstr.de\/?page_id=158","title":{"rendered":"Schulprogramm"},"content":{"rendered":"\n<p>Auch unsere Schule verf\u00fcgt \u00fcber ein Schulprogramm, welches zur vollst\u00e4ndigen Ansicht im Sekretariat ausliegt. <\/p>\n\n\n\n<p>Besonders wichtige Kapitel finden Sie in Ausz\u00fcgen im Untermen\u00fc. <\/p>\n","protected":false},"excerpt":{"rendered":"<p>Auch unsere Schule verf\u00fcgt \u00fcber ein Schulprogramm, welches zur vollst\u00e4ndigen Ansicht im Sekretariat ausliegt. Besonders wichtige Kapitel finden Sie in Ausz\u00fcgen im Untermen\u00fc.<\/p>\n","protected":false},"author":3,"featured_media":0,"parent":12,"menu_order":2,"comment_status":"closed","ping_status":"closed","template":"","meta":{"footnotes":""},"class_list":["post-158","page","type-page","status-publish","hentry"],"_links":{"self":[{"href":"https:\/\/www.kgs-birkstr.de\/index.php?rest_route=\/wp\/v2\/pages\/158","targetHints":{"allow":["GET"]}}],"collection":[{"href":"https:\/\/www.kgs-birkstr.de\/index.php?rest_route=\/wp\/v2\/pages"}],"about":[{"href":"https:\/\/www.kgs-birkstr.de\/index.php?rest_route=\/wp\/v2\/types\/page"}],"author":[{"embeddable":true,"href":"https:\/\/www.kgs-birkstr.de\/index.php?rest_route=\/wp\/v2\/users\/3"}],"replies":[{"embeddable":true,"href":"https:\/\/www.kgs-birkstr.de\/index.php?rest_route=%2Fwp%2Fv2%2Fcomments&post=158"}],"version-history":[{"count":3,"href":"https:\/\/www.kgs-birkstr.de\/index.php?rest_route=\/wp\/v2\/pages\/158\/revisions"}],"predecessor-version":[{"id":449,"href":"https:\/\/www.kgs-birkstr.de\/index.php?rest_route=\/wp\/v2\/pages\/158\/revisions\/449"}],"up":[{"embeddable":true,"href":"https:\/\/www.kgs-birkstr.de\/index.php?rest_route=\/wp\/v2\/pages\/12"}],"wp:attachment":[{"href":"https:\/\/www.kgs-birkstr.de\/index.php?rest_route=%2Fwp%2Fv2%2Fmedia&parent=158"}],"curies":[{"name":"wp","href":"https:\/\/api.w.org\/{rel}","templated":true}]}}