{"id":166,"date":"2024-01-29T13:53:27","date_gmt":"2024-01-29T13:53:27","guid":{"rendered":"https:\/\/www.kgs-birkstr.de\/?page_id=166"},"modified":"2024-06-06T18:21:14","modified_gmt":"2024-06-06T18:21:14","slug":"anton","status":"publish","type":"page","link":"https:\/\/www.kgs-birkstr.de\/?page_id=166","title":{"rendered":"Anton-App"},"content":{"rendered":"\n<p>Die <a href=\"https:\/\/anton.app\/de\/\">Anton-App<\/a> ist eine Lernplattform, in der die Kinder eigenst\u00e4ndig zu verschiedenen F\u00e4chern Aufgaben bearbeiten k\u00f6nnen. Die Lehrer*Innen erstellen f\u00fcr ihre Klasse Zug\u00e4nge, so dass die Kinder jederzeit die App nutzen k\u00f6nnen. <br>Einmal in der Woche bekommen die Kinder Hausaufgaben f\u00fcr die Anton-App.<\/p>\n\n\n\n<p>Das Passwort und der QR-Code befinden sich auf der letzten Seite des Logbuchs. <\/p>\n","protected":false},"excerpt":{"rendered":"<p>Die Anton-App ist eine Lernplattform, in der die Kinder eigenst\u00e4ndig zu verschiedenen F\u00e4chern Aufgaben bearbeiten k\u00f6nnen. Die Lehrer*Innen erstellen f\u00fcr ihre Klasse Zug\u00e4nge, so dass die Kinder jederzeit die App nutzen k\u00f6nnen. Einmal in der Woche bekommen die Kinder Hausaufgaben f\u00fcr die Anton-App. Das Passwort und der QR-Code befinden sich auf der letzten Seite des [&hellip;]<\/p>\n","protected":false},"author":3,"featured_media":0,"parent":21,"menu_order":2,"comment_status":"closed","ping_status":"closed","template":"","meta":{"footnotes":""},"class_list":["post-166","page","type-page","status-publish","hentry"],"_links":{"self":[{"href":"https:\/\/www.kgs-birkstr.de\/index.php?rest_route=\/wp\/v2\/pages\/166","targetHints":{"allow":["GET"]}}],"collection":[{"href":"https:\/\/www.kgs-birkstr.de\/index.php?rest_route=\/wp\/v2\/pages"}],"about":[{"href":"https:\/\/www.kgs-birkstr.de\/index.php?rest_route=\/wp\/v2\/types\/page"}],"author":[{"embeddable":true,"href":"https:\/\/www.kgs-birkstr.de\/index.php?rest_route=\/wp\/v2\/users\/3"}],"replies":[{"embeddable":true,"href":"https:\/\/www.kgs-birkstr.de\/index.php?rest_route=%2Fwp%2Fv2%2Fcomments&post=166"}],"version-history":[{"count":3,"href":"https:\/\/www.kgs-birkstr.de\/index.php?rest_route=\/wp\/v2\/pages\/166\/revisions"}],"predecessor-version":[{"id":517,"href":"https:\/\/www.kgs-birkstr.de\/index.php?rest_route=\/wp\/v2\/pages\/166\/revisions\/517"}],"up":[{"embeddable":true,"href":"https:\/\/www.kgs-birkstr.de\/index.php?rest_route=\/wp\/v2\/pages\/21"}],"wp:attachment":[{"href":"https:\/\/www.kgs-birkstr.de\/index.php?rest_route=%2Fwp%2Fv2%2Fmedia&parent=166"}],"curies":[{"name":"wp","href":"https:\/\/api.w.org\/{rel}","templated":true}]}}