{"id":390,"date":"2024-05-07T17:19:18","date_gmt":"2024-05-07T17:19:18","guid":{"rendered":"https:\/\/www.kgs-birkstr.de\/?page_id=390"},"modified":"2024-09-26T10:18:20","modified_gmt":"2024-09-26T10:18:20","slug":"unser-leitbild","status":"publish","type":"page","link":"https:\/\/www.kgs-birkstr.de\/?page_id=390","title":{"rendered":"Unser Leitbild"},"content":{"rendered":"\n<div class=\"wp-block-media-text is-stacked-on-mobile\" style=\"grid-template-columns:25% auto\"><figure class=\"wp-block-media-text__media\"><img loading=\"lazy\" decoding=\"async\" width=\"657\" height=\"1024\" src=\"https:\/\/www.kgs-birkstr.de\/wp-content\/uploads\/2024\/09\/KGS_B_OGS_Baum1-657x1024.jpg\" alt=\"\" class=\"wp-image-571 size-full\" srcset=\"https:\/\/www.kgs-birkstr.de\/wp-content\/uploads\/2024\/09\/KGS_B_OGS_Baum1-657x1024.jpg 657w, https:\/\/www.kgs-birkstr.de\/wp-content\/uploads\/2024\/09\/KGS_B_OGS_Baum1-192x300.jpg 192w, https:\/\/www.kgs-birkstr.de\/wp-content\/uploads\/2024\/09\/KGS_B_OGS_Baum1-768x1197.jpg 768w, https:\/\/www.kgs-birkstr.de\/wp-content\/uploads\/2024\/09\/KGS_B_OGS_Baum1-985x1536.jpg 985w, https:\/\/www.kgs-birkstr.de\/wp-content\/uploads\/2024\/09\/KGS_B_OGS_Baum1-1314x2048.jpg 1314w, https:\/\/www.kgs-birkstr.de\/wp-content\/uploads\/2024\/09\/KGS_B_OGS_Baum1-scaled.jpg 1642w\" sizes=\"auto, (max-width: 657px) 100vw, 657px\" \/><\/figure><div class=\"wp-block-media-text__content\">\n<p>Kinder sind wie Blumen.<br>Man muss sich zu ihnen niederbeugen, wenn man sie erkennen will. <br> <sub>-Friedrich Fr\u00f6bel-<\/sub><\/p>\n<\/div><\/div>\n\n\n\n<p>Jeder Mensch ist uns willkommen.<br>Wir richten unsere Arbeit nach den Bed\u00fcrfnissen des Kindes .<br>Was l\u00e4sst das Kind wachsen?<br>Was l\u00e4sst das Kind Wurzeln schlagen?<br>Was macht das Kind stark?<br>Was l\u00e4sst das Kind sich entfalten?<\/p>\n\n\n\n<p>Wichtige Aspekte f\u00fcr unsere t\u00e4gliche Arbeit sind: <\/p>\n\n\n\n<figure class=\"wp-block-table is-style-regular\"><table class=\"has-border-color has-base-border-color\"><tbody><tr><td class=\"has-text-align-center\" data-align=\"center\"><img loading=\"lazy\" decoding=\"async\" width=\"70\" height=\"70\" class=\"wp-image-419\" style=\"width: 70px;\" src=\"https:\/\/www.kgs-birkstr.de\/wp-content\/uploads\/2024\/05\/Blatt_gelb.png\" alt=\"\" srcset=\"https:\/\/www.kgs-birkstr.de\/wp-content\/uploads\/2024\/05\/Blatt_gelb.png 500w, https:\/\/www.kgs-birkstr.de\/wp-content\/uploads\/2024\/05\/Blatt_gelb-300x300.png 300w, https:\/\/www.kgs-birkstr.de\/wp-content\/uploads\/2024\/05\/Blatt_gelb-150x150.png 150w\" sizes=\"auto, (max-width: 70px) 100vw, 70px\" \/><\/td><td>gemeinsame Werte<\/td><\/tr><tr><td class=\"has-text-align-center\" data-align=\"center\"><img loading=\"lazy\" decoding=\"async\" width=\"70\" height=\"70\" class=\"wp-image-421\" style=\"width: 70px;\" src=\"https:\/\/www.kgs-birkstr.de\/wp-content\/uploads\/2024\/05\/Blatt_rot.png\" alt=\"\" srcset=\"https:\/\/www.kgs-birkstr.de\/wp-content\/uploads\/2024\/05\/Blatt_rot.png 500w, https:\/\/www.kgs-birkstr.de\/wp-content\/uploads\/2024\/05\/Blatt_rot-300x300.png 300w, https:\/\/www.kgs-birkstr.de\/wp-content\/uploads\/2024\/05\/Blatt_rot-150x150.png 150w\" sizes=\"auto, (max-width: 70px) 100vw, 70px\" \/><\/td><td>gemeinsames Lernen und Spielen<\/td><\/tr><tr><td class=\"has-text-align-center\" data-align=\"center\"><img loading=\"lazy\" decoding=\"async\" width=\"70\" height=\"70\" class=\"wp-image-417\" style=\"width: 70px;\" src=\"https:\/\/www.kgs-birkstr.de\/wp-content\/uploads\/2024\/05\/Blatt_blau.png\" alt=\"\" srcset=\"https:\/\/www.kgs-birkstr.de\/wp-content\/uploads\/2024\/05\/Blatt_blau.png 500w, https:\/\/www.kgs-birkstr.de\/wp-content\/uploads\/2024\/05\/Blatt_blau-300x300.png 300w, https:\/\/www.kgs-birkstr.de\/wp-content\/uploads\/2024\/05\/Blatt_blau-150x150.png 150w\" sizes=\"auto, (max-width: 70px) 100vw, 70px\" \/><\/td><td>gemeinsame Erziehungsarbeit<\/td><\/tr><tr><td class=\"has-text-align-center\" data-align=\"center\"><img loading=\"lazy\" decoding=\"async\" width=\"70\" height=\"70\" class=\"wp-image-420\" style=\"width: 70px;\" src=\"https:\/\/www.kgs-birkstr.de\/wp-content\/uploads\/2024\/05\/Blatt_hellgruen.png\" alt=\"\" srcset=\"https:\/\/www.kgs-birkstr.de\/wp-content\/uploads\/2024\/05\/Blatt_hellgruen.png 500w, https:\/\/www.kgs-birkstr.de\/wp-content\/uploads\/2024\/05\/Blatt_hellgruen-300x300.png 300w, https:\/\/www.kgs-birkstr.de\/wp-content\/uploads\/2024\/05\/Blatt_hellgruen-150x150.png 150w\" sizes=\"auto, (max-width: 70px) 100vw, 70px\" \/><\/td><td>gemeinsames F\u00f6rdern und Fordern<\/td><\/tr><tr><td class=\"has-text-align-center\" data-align=\"center\"><img loading=\"lazy\" decoding=\"async\" width=\"70\" height=\"70\" class=\"wp-image-418\" style=\"width: 70px;\" src=\"https:\/\/www.kgs-birkstr.de\/wp-content\/uploads\/2024\/05\/Blatt_dunkelgruen.png\" alt=\"\" srcset=\"https:\/\/www.kgs-birkstr.de\/wp-content\/uploads\/2024\/05\/Blatt_dunkelgruen.png 500w, https:\/\/www.kgs-birkstr.de\/wp-content\/uploads\/2024\/05\/Blatt_dunkelgruen-300x300.png 300w, https:\/\/www.kgs-birkstr.de\/wp-content\/uploads\/2024\/05\/Blatt_dunkelgruen-150x150.png 150w\" sizes=\"auto, (max-width: 70px) 100vw, 70px\" \/><\/td><td>gemeinsam \u00dcberg\u00e4nge gestalten<\/td><\/tr><\/tbody><\/table><\/figure>\n","protected":false},"excerpt":{"rendered":"<p>Kinder sind wie Blumen.Man muss sich zu ihnen niederbeugen, wenn man sie erkennen will. -Friedrich Fr\u00f6bel- Jeder Mensch ist uns willkommen.Wir richten unsere Arbeit nach den Bed\u00fcrfnissen des Kindes .Was l\u00e4sst das Kind wachsen?Was l\u00e4sst das Kind Wurzeln schlagen?Was macht das Kind stark?Was l\u00e4sst das Kind sich entfalten? Wichtige Aspekte f\u00fcr unsere t\u00e4gliche Arbeit sind: [&hellip;]<\/p>\n","protected":false},"author":3,"featured_media":0,"parent":12,"menu_order":0,"comment_status":"closed","ping_status":"closed","template":"","meta":{"footnotes":""},"class_list":["post-390","page","type-page","status-publish","hentry"],"_links":{"self":[{"href":"https:\/\/www.kgs-birkstr.de\/index.php?rest_route=\/wp\/v2\/pages\/390","targetHints":{"allow":["GET"]}}],"collection":[{"href":"https:\/\/www.kgs-birkstr.de\/index.php?rest_route=\/wp\/v2\/pages"}],"about":[{"href":"https:\/\/www.kgs-birkstr.de\/index.php?rest_route=\/wp\/v2\/types\/page"}],"author":[{"embeddable":true,"href":"https:\/\/www.kgs-birkstr.de\/index.php?rest_route=\/wp\/v2\/users\/3"}],"replies":[{"embeddable":true,"href":"https:\/\/www.kgs-birkstr.de\/index.php?rest_route=%2Fwp%2Fv2%2Fcomments&post=390"}],"version-history":[{"count":6,"href":"https:\/\/www.kgs-birkstr.de\/index.php?rest_route=\/wp\/v2\/pages\/390\/revisions"}],"predecessor-version":[{"id":573,"href":"https:\/\/www.kgs-birkstr.de\/index.php?rest_route=\/wp\/v2\/pages\/390\/revisions\/573"}],"up":[{"embeddable":true,"href":"https:\/\/www.kgs-birkstr.de\/index.php?rest_route=\/wp\/v2\/pages\/12"}],"wp:attachment":[{"href":"https:\/\/www.kgs-birkstr.de\/index.php?rest_route=%2Fwp%2Fv2%2Fmedia&parent=390"}],"curies":[{"name":"wp","href":"https:\/\/api.w.org\/{rel}","templated":true}]}}